). Suppose 82 = 5*a - n*s, -6 - 6 = 3*s. Calculate the greatest common factor of a and 14.
14
Let m = -21 + 21. Suppose m*s = -s. Suppose -y = -4*b + 194, 4*b - 202 = -s*y - 3*y. What is the highest common divisor of b and 7?
7
Suppose 3150 = 5*j + 2*k, 2*k + 3 = -7. Suppose -7*u - 212 + j = 0. Let b be 14 + (-1 - 0) + -1. Calculate the greatest common divisor of u and b.
12
Let m be 1 + (-4 - 6)/5. Let n be ((192/(-20))/8)/(m/60). Let u(a) = -18*a. Let w be u(-1). Calculate the greatest common factor of w and n.
18
Let k = -6 + 27. Suppose 5*r = 8*r - k. What is the greatest common factor of 77 and r?
7
Let s(f) = f**2 + 10*f - 31. Let w be s(-21). Calculate the highest common divisor of w and 8.
8
Let r be (-2)/9*-15*(-9)/(-2). Calculate the greatest common factor of r and 605.
5
Let p be (-3)/((-3)/32) - 0. Suppose z + 2*z = 5*x + 265, 3*z = 4*x + 260. What is the highest common divisor of z and p?
16
Suppose -1271 = -45*o + 14*o. What is the greatest common factor of 451 and o?
41
Let r = 0 + -1. Let z = r - -4. Let o = 56 - 54. Calculate the highest common divisor of o and z.
1
Suppose -v + 5 = 4*v + 5*a, 3*v - 4 = -2*a. Let y be (1/(-2))/(1/v). Let w be (5 - 3)/(y/(-4)). What is the highest common divisor of 1 and w?
1
Let i(d) = -d**2 + 7*d + 13. Let c be i(7). Suppose 9 + c = m. Calculate the greatest common divisor of m and 2.
2
Let g = 75 - -60. Suppose 10*n - 70 = 5*n + u, -5*n = 4*u - 95. What is the highest common factor of n and g?
15
Let v(t) = 33*t**2 + 2*t + 5. Let m be v(-4). Suppose -145 = 4*z - m. What is the greatest common factor of 19 and z?
19
Let n(b) = -2*b**3 - 2*b**2 + 17*b + 32. Let y be n(-2). Calculate the highest common divisor of y and 1218.
6
Let r(d) = d**2 + 5*d - 3. Let y be r(-6). Let c(g) = -8*g + 5*g - 3*g**y - 2 + 2*g**3. Let w be c(-2). What is the greatest common divisor of w and 3?
3
Suppose 3*d - 4*g = -11, -d - 2*g - 4 = 3. Let s be (-2 - 3)*(-22)/d. Let r = s - -27. What is the greatest common divisor of 15 and r?
5
Let n be (-111)/(-12) - (-18)/24. Calculate the greatest common divisor of 250 and n.
10
Let v = 158 + -146. What is the highest common factor of 636 and v?
12
Let q = 69 - 61. Calculate the highest common divisor of q and 8.
8
Let a(j) = -j**2 + 30*j - 45. Let n be a(25). Calculate the highest common divisor of 120 and n.
40
Let u = 2 - -34. Calculate the greatest common factor of 16 and u.
4
Let q(t) = -t**3 + 2*t**2 + 3*t. Suppose 0 = r + 2 - 0, -w - r = 5. Let s be q(w). Suppose -23*a + 216 = -17*a. What is the highest common factor of s and a?
36
Let o be -1 + 42 + -3 + 2. Suppose -4*y = 14 - 26. Suppose 0 = x - y*v - 91, 4*x - 5*v = -v + 388. What is the highest common factor of o and x?
20
Suppose 7*f = 5*f + 22. Suppose 4*z + 3 = d + 2*d, -21 = -2*z - 3*d. Suppose -3*j = -s - 1, -z*j - 12 = -6*j. What is the greatest common divisor of f and s?
11
Let q = 1020 + -677. Let f = q + 202. Suppose 2*t = -5*o + 902, -5*t + f = -o + 4*o. Calculate the highest common factor of o and 20.
20
Let m = 659 + -644. Calculate the greatest common factor of m and 15.
15
Let j be 2 - (-9)/(-6)*-2. Let o be (-30)/j*5/(-6). Suppose 6*c = o*c + 3. Calculate the greatest common factor of c and 21.
3
Suppose 0 = -2*p - 6*p + 120. Let v be p/(-20)*4/(-6)*140. Calculate the greatest common factor of v and 42.
14
Suppose p = 0, 0*i = 3*i - 4*p - 84. Calculate the highest common factor of i and 700.
28
Let a be ((-50)/5)/((-2)/(-12)). Let s = a - -132. What is the highest common divisor of 9 and s?
9
Let b be 38 - 0 - (-2)/(-1). Let u be (-2)/6*b/(-3). Let f be 6/4*u/3. Calculate the highest common factor of f and 6.
2
Let b = -19 + 48. Suppose 16*y - 3692 - 20 = 0. What is the highest common factor of b and y?
29
Suppose 0 = -2*z + 5*m + 542, 0 = 3*z + 2*m - 1253 + 421. Calculate the greatest common factor of z and 132.
12
Let s(f) = f**3 - 10*f**2 + 43*f - 136. Let j be s(7). What is the highest common divisor of 402 and j?
6
Suppose -3*r - 2*h = 0, -3*r - 2*h + 3 = -h. Suppose -2*x + 0 = -4, 2*c - x = r. Let b be c/7 + (-250)/(-7). What is the highest common factor of b and 9?
9
Suppose 0 = w + 54*b - 53*b + 1, -2*b = 4*w - 4. Suppose 3*g - 2*g - 6 = 0. Calculate the highest common factor of g and w.
3
Let r be 1/(-3) - 84/(-36). Suppose -r*k + d = -504, -2*k + 0*d - d = -504. What is the highest common factor of k and 28?
28
Let y = -40 - -46. Let u(c) = -c**3 + 6*c**2 + 3*c + 2. Let g be u(y). What is the highest common factor of 30 and g?
10
Let l be ((-8 - 1718/20) + (-4)/40)/(-1). Let c be 237 + (-1 - 0) + -1. What is the highest common divisor of c and l?
47
Let n be (0 + 0)/((-3)/1). Let m = -4 - -6. Suppose s - 32 = -3*u - u, m*s = n. Calculate the highest common factor of 4 and u.
4
Let l be 9/1 + 1 - (-208 - -213). Calculate the highest common factor of l and 605.
5
Suppose -54*g = 31*g - 60605. What is the greatest common factor of g and 62?
31
Let z be 16/(-32) - 900/(-8). Calculate the greatest common divisor of 1064 and z.
56
Let v = -2709 - -2710. Calculate the greatest common factor of v and 191.
1
Suppose 16 = x - 2*b, -4*x - 4*b + 2*b = -104. Let y be -2*3/(-12)*6. Calculate the highest common divisor of y and x.
3
Let u(r) = 2*r - 6. Let o be u(4). Let q be o*1 - (-40 + 5). Let c be (-9)/(-2 - q/(-19)). What is the highest common factor of c and 19?
19
Let b be (3*79)/((-1286)/(-64) - 20). Calculate the highest common factor of 79 and b.
79
Let j(t) = -4*t - 15. Let x be j(-6). Suppose -m + x = -5*h - 22, -3*h + 183 = 3*m. Calculate the greatest common factor of m and 140.
28
Let n(o) = o**2 - 11*o + 13. Let d be n(4). Let h be -3*-4*d/(-9). Suppose 0*g - 4*g = -120. What is the highest common divisor of g and h?
10
Suppose -13*i + 1520 = 25*i. Calculate the highest common factor of i and 248.
8
Suppose 5*i + 7 = -2*i. Let h be i/2*-1*360. Suppose 17*r = 22*r - h. Calculate the greatest common factor of 18 and r.
18
Suppose -2559 - 730 = -150*s - 439. Suppose 4*b = -2*i + 162, -2*i + 3*i - 157 = -4*b. Calculate the greatest common divisor of s and b.
19
Suppose -45 = 244*o - 249*o. What is the greatest common divisor of 225 and o?
9
Suppose y - 2*o = 10, 2*y + o = 2*o + 17. Let g = y - 6. Let k be 10*1/2*g. What is the greatest common factor of 10 and k?
10
Let f(m) = -4 - 6*m - m**2 + 3 - 3 - 8. Let p be f(-5). Let g = p - -13. What is the greatest common factor of g and 3?
3
Suppose -2*m = 2*q - 194, 4*m - 289 = -104*q + 101*q. Let y be (0 + 1 + 0)*6. Suppose 5*c + y = 51. Calculate the highest common divisor of c and q.
9
Let p(z) = z**3 + 5*z**2 - z + 6. Let t be p(0). Calculate the greatest common factor of t and 942.
6
Let q(d) = -d**3 + 7*d**2 + d - 5. Let j be q(7). Let h(b) = -b**3 + 6*b**2 - b - 4. Let y be h(j). Calculate the highest common divisor of y and 35.
5
Let w = 14 - 5. Let m(f) = 13*f + 150. Let y be m(-6). What is the highest common factor of w and y?
9
Suppose -83 - 232 = -7*p. Let g = -22 + p. Calculate the highest common divisor of g and 184.
23
Suppose 3*g - 5*g = -3*f + 80, 165 = 5*f + 3*g. What is the highest common divisor of 45 and f?
15
Let m(i) = -i**2 - 6*i - 2. Let f be m(-6). Let b be ((-6)/(-15))/(f/(-80)). What is the highest common divisor of 2 and b?
2
Suppose -36*c = -50*c + 252. Calculate the highest common factor of 81 and c.
9
Suppose -37 - 198 = -5*w. Suppose -w = -4*l + 97. Calculate the greatest common divisor of 54 and l.
18
Suppose 0 = 4*q + 4*j - 104, -4*q + 5*q - 4*j = 36. Let h be (-1)/(3/(-21)*1). Calculate the greatest common divisor of q and h.
7
Suppose -2*l = -l - 33. Suppose -9075 = -48*g + 23*g. What is the greatest common factor of l and g?
33
Let r(x) = -5*x + 157. Let i be r(25). Calculate the greatest common divisor of 96 and i.
32
Suppose 44*z - 110 = 39*z. Suppose 5*n - 119 = f, n = -0*n + 2*f + z. Calculate the greatest common divisor of 8 and n.
8
Suppose 3*t - 5 = 2*t. Suppose 2*u - 16 = -2*j, t*j = 4*u - 25 - 7. Let z = -4 + u. What is the highest common divisor of 12 and z?
4
Suppose 0 = -5*t - 10, -10 + 4 = -2*y + t. What is the greatest common factor of y and 14?
2
Let q(d) = 4*d**2 - 42*d - 18. Let y be q(13). Calculate the highest common divisor of 7 and y.
7
Let o be 6 + (25 - (2 + -6)). Calculate the grea